hat is the ten thousands digit of 21167594?
6
What is the ten thousands digit of 55133349?
3
What is the ten millions digit of 22701179?
2
What is the hundreds digit of 390125382?
3
What is the thousands digit of 493104364?
4
What is the ten millions digit of 93744036?
9
What is the hundred millions digit of 1226535131?
2
What is the millions digit of 45270425?
5
What is the millions digit of 172772406?
2
What is the ten thousands digit of 121442418?
4
What is the millions digit of 921900417?
1
What is the tens digit of 92423645?
4
What is the millions digit of 1426683466?
6
What is the ten millions digit of 33448568?
3
What is the tens digit of 2330678152?
5
What is the tens digit of 216420149?
4
What is the units digit of 284602195?
5
What is the units digit of 267760458?
8
What is the hundreds digit of 145919088?
0
What is the tens digit of 283203332?
3
What is the ten millions digit of 3643362861?
4
What is the hundred millions digit of 4767036982?
7
What is the hundred thousands digit of 996391051?
3
What is the ten thousands digit of 140510430?
1
What is the hundred thousands digit of 931574570?
5
What is the hundreds digit of 14593655?
6
What is the thousands digit of 957860484?
0
What is the thousands digit of 62490670?
0
What is the thousands digit of 2184733024?
3
What is the thousands digit of 1246319419?
9
What is the hundreds digit of 173675498?
4
What is the tens digit of 362845216?
1
What is the ten thousands digit of 565457559?
5
What is the ten thousands digit of 232391337?
9
What is the ten millions digit of 244244390?
4
What is the units digit of 605081482?
2
What is the tens digit of 96333469?
6
What is the tens digit of 1254146070?
7
What is the hundred millions digit of 183524809?
1
What is the thousands digit of 9522480?
2
What is the units digit of 37314775?
5
What is the hundreds digit of 4571943858?
8
What is the units digit of 133554715?
5
What is the units digit of 289081960?
0
What is the tens digit of 185195878?
7
What is the thousands digit of 9318730?
8
What is the billions digit of 4108255586?
4
What is the tens digit of 921505217?
1
What is the hundred millions digit of 373364567?
3
What is the hundred thousands digit of 33529819?
5
What is the hundreds digit of 151853692?
6
What is the ten thousands digit of 810586710?
8
What is the tens digit of 5106684184?
8
What is the hundred thousands digit of 907144976?
1
What is the ten millions digit of 5076931186?
7
What is the tens digit of 51318113?
1
What is the hundred thousands digit of 77532916?
5
What is the hundred thousands digit of 18204772?
2
What is the hundred millions digit of 902266024?
9
What is the ten millions digit of 689447511?
8
What is the millions digit of 3234851974?
4
What is the millions digit of 742604995?
2
What is the hundred millions digit of 466382874?
4
What is the millions digit of 635445675?
5
What is the ten thousands digit of 23233081?
3
What is the ten millions digit of 1069566074?
6
What is the hundred millions digit of 340100110?
3
What is the ten thousands digit of 658551499?
5
What is the millions digit of 79873737?
9
What is the hundred millions digit of 1245113324?
2
What is the ten thousands digit of 9200949?
0
What is the billions digit of 3941886481?
3
What is the hundreds digit of 228451298?
2
What is the hundred thousands digit of 59890830?
8
What is the millions digit of 62036691?
2
What is the ten millions digit of 3076021186?
7
What is the ten millions digit of 2566583376?
6
What is the hundred thousands digit of 720733345?
7
What is the units digit of 882584403?
3
What is the hundred millions digit of 4159310640?
1
What is the hundred thousands digit of 2378032578?
0
What is the hundreds digit of 5014838195?
1
What is the units digit of 55878600?
0
What is the units digit of 94720899?
9
What is the tens digit of 1906866445?
4
What is the units digit of 54232119?
9
What is the tens digit of 50572684?
8
What is the hundred thousands digit of 147704597?
7
What is the hundred thousands digit of 430699337?
6
What is the tens digit of 271573547?
4
What is the tens digit of 317123934?
3
What is the tens digit of 1131916997?
9
What is the hundreds digit of 2050502302?
3
What is the units digit of 994762285?
5
What is the ten thousands digit of 7493502713?
0
What is the hundred thousands digit of 3135733759?
7
What is the ten thousands digit of 23262720?
6
What is the hundreds digit of 1105724263?
2
What is the units digit of 374834755?
5
What is the thousands digit of 69441138?
1
What is the units digit of 341276101?
1
What is the hundreds digit of 2976188909?
9
What is the millions digit of 44195395?
4
What is the tens digit of 31665938?
3
What is the hundred thousands digit of 1431781527?
7
What is the ten millions digit of 241536828?
4
What is the thousands digit of 802120040?
0
What is the hundred millions digit of 130519631?
1
What is the tens digit of 212542479?
7
What is the tens digit of 1940578992?
9
What is the units digit of 578393744?
4
What is the tens digit of 29095230?
3
What is the hundreds digit of 18483554?
5
What is the ten thousands digit of 3172127399?
2
What is the hundreds digit of 83909131?
1
What is the tens digit of 55320577?
7
What is the hundred thousands digit of 1496196696?
1
What is the units digit of 15525330?
0
What is the ten thousands digit of 1373500948?
0
What is the units digit of 32774787?
7
What is the thousands digit of 65384151?
4
What is the units digit of 68332896?
6
What is the ten millions digit of 10631304?
1
What is the units digit of 711385281?
1
What is the ten thousands digit of 233155142?
5
What is the hundred millions digit of 5541454306?
5
What is the ten millions digit of 1151884542?
5
What is the hundred millions digit of 224554672?
2
What is the millions digit of 4075004168?
5
What is the units digit of 882321509?
9
What is the units digit of 2305844286?
6
What is the hundred thousands digit of 3560806274?
8
What is the ten thousands digit of 81394214?
9
What is the thousands digit of 167009867?
9
What is the hundred millions digit of 245634035?
2
What is the units digit of 2597316429?
9
What is the hundreds digit of 53979024?
0
What is the tens digit of 339742122?
2
What is the hundred millions digit of 910182651?
9
What is the units digit of 391715208?
8
What is the hundred thousands digit of 2105681?
1
What is the units digit of 839889523?
3
What is the units digit of 71811594?
4
What is the ten millions digit of 244917931?
4
What is the hundreds digit of 4103187844?
8
What is the ten millions digit of 63012826?
6
What is the millions digit of 229952391?
9
What is the thousands digit of 678982592?
2
What is the ten millions digit of 10590968?
1
What is the millions digit of 32001030?
2
What is the tens digit of 157089481?
8
What is the thousands digit of 24660479?
0
What is the thousands digit of 46644141?
4
What is the tens digit of 3357764981?
8
What is the hundred thousands digit of 1452462893?
4
What is the millions digit of 505633272?
5
What is the thousands digit of 1062959716?
9
What is the tens digit of 44725037?
3
What is the tens digit of 29065441?
4
What is the millions digit of 34523288?
4
What is the thousands digit of 86888266?
8
What is the units digit of 464953612?
2
What is the hundred thousands digit of 2524505626?
5
What is the millions digit of 55182036?
5
What is the millions digit of 234495298?
4
What is the hundred thousands digit of 191363545?
3
What is the units digit of 6826058139?
9
What is the tens digit of 166228288?
8
What is the ten millions digit of 134861137?
3
What is the hundreds digit of 18346150?
1
What is the hundreds digit of 1547181005?
0
What is the hundreds digit of 1898704523?
5
What is the hundred thousands digit of 4737625427?
6
What is the millions digit of 613858383?
3
What is the millions digit of 11988031?
1
What is the ten millions digit of 1587457922?
8
What is the hundred thousands digit of 745963691?
9
What is the billions digit of 4074809798?
4
What is the units digit of 88217912?
2
What is the units digit of 980607504?
4
What is the tens digit of 200001534?
3
What is the tens digit of 1708713910?
1
What is the ten millions digit of 40733136?
4
What is the hundred thousands digit of 38101806?
1
What is the 